4
Let u(g) = g + 2. Let n(h) = 5. Let q(x) = 4*n(x) - 10*u(x). Determine q(-1).
10
Let j(k) be the first derivative of k**5/120 - k**3/3 - 2. Let q(u) be the third derivative of j(u). Give q(-3).
-3
Let f = 82 + -66. Let g(z) = -z**3 + 17*z**2 - 17*z + 12. What is g(f)?
-4
Let j be 4/(-30) + 5397/315. Suppose -5*v = 5*s - 30, s + j = 3*v + 7. Let i(w) = w**2 + 1. Determine i(v).
17
Suppose 3*d - 6*d + 114 = 2*c, -3*d = -4*c - 114. Suppose l - 20*l = -d. Let q(t) = 4*t. What is q(l)?
8
Let h(o) be the second derivative of -o**5/20 - 5*o**4/12 + 5*o**3/6 - 3*o**2/2 + 3*o. Let f = 57 - 63. Give h(f).
3
Suppose -3 = -k + j + 10, k + 2*j = 19. Suppose -4*d + 48 = -4*n, 5 = 3*d + n - k. Let m = d - 3. Let a(y) = -y**2 + 4*y + 2. Give a(m).
-3
Let v(r) = -2*r + 9. Let h(k) = -k + 4. Let z(p) = -13*h(p) + 6*v(p). Let y(g) = -g**3 - g + 2. Let n be y(2). Let o = -13 - n. Give z(o).
-3
Let g = 50 + -42. Let t be (3/(-8))/(-2 - (-15)/g). Let i(y) = y - 2. Determine i(t).
1
Let n(g) = -g**3 - 6*g**2 - 2*g - 7. Let d = -18 + 12. Let z be n(d). Let p(k) = -k**3 + 5*k**2 + 1. Give p(z).
1
Let p(m) = m**3 - 4*m**2 + m + 3. Let y be p(3). Let o be y/(9/15) + 2. Let b(t) = 2*t - 3*t - 3*t + t. Calculate b(o).
9
Let q(x) be the first derivative of x**2/2 - 5*x - 343. Calculate q(0).
-5
Let z(k) = k**2 - k. Suppose 3*b = 5*u - 25, 4*u + 2*b = -u. Determine z(u).
2
Let o(q) = 3*q**3 - 8460 - 2*q**3 + 8464 - 10*q**2 - 2*q**3. Determine o(-10).
4
Suppose 10 + 2 = -o. Let m be (-2)/(-8)*(-240)/o. Let s(w) = -w**3 + m + 6 + 4*w + w**2 - 14. Give s(2).
1
Let g(x) = -7*x + 4*x + 4*x + x**3 - 7*x**2 - x + 7. Give g(7).
7
Let v(d) be the third derivative of -d**5/60 + d**4/24 + 5*d**3/6 - 22*d**2 - 7. Let a(x) = x - 6. Let w be a(10). What is v(w)?
-7
Let m(g) = -g**2 + 2*g + 3. Let y = 183 + -183. Give m(y).
3
Suppose -4*i - 166 = 2*k, -i - 207 = 4*i + 2*k. Let x = 37 + i. Let f(s) = -s + 3. Give f(x).
7
Let t(a) be the first derivative of a**4/4 + 7*a**3/3 + 5*a**2/2 - a + 32. What is t(-5)?
24
Let z(y) be the first derivative of y**4/4 + 7*y**3/3 + 5*y**2/2 + 15*y + 30. What is z(-7)?
-20
Suppose 3*o + 10 = 22. Let s(u) be the first derivative of u**5/30 - 7*u**4/24 + 5*u**3/6 + u**2 + 1. Let j(v) be the second derivative of s(v). Determine j(o).
9
Let q(a) = 0*a - a**3 + 7 - a + a**2 - 16 + 5 - 3*a**2. Calculate q(-3).
8
Let a(y) = y**3 - y**2 - 2. Let u be ((-24)/20)/(12/20). Determine a(u).
-14
Suppose 6 = 2*p - 5*p. Let w be (-4)/12*3 - p. Let a(h) = 4 - 4 + 7*h**2 - 1. Determine a(w).
6
Let z(i) = -i**3 - 41*i**2 - 40*i - 8. Let b be z(-40). Let t(y) = 5*y + 42. Give t(b).
2
Let a(o) = o**2 + 15*o - 25. Let h be a(-17). Let t(x) = 3*x - 4 + 7 - h*x. Determine t(2).
-9
Let q(x) be the second derivative of -1/12*x**4 - 3/2*x**2 + 0 - 8*x - 5/6*x**3. Let t = 0 - 5. Calculate q(t).
-3
Let m(r) be the second derivative of -2*r**2 + 0 - 1/6*r**3 + 9*r. Let j be -8*(2 + 9/(-6)). What is m(j)?
0
Let b(u) = 43*u**2 - 17 + 6 - 42*u**2 - 3*u. Give b(7).
17
Let d(j) = 4*j**2 + 0*j + 4 - 3*j**3 + 2*j**3 - j. Let z be (7 - 5)/(6/27). Suppose -3*f = -0 - z. Give d(f).
10
Let c(w) = 5*w**3 + 11*w**2 - 7*w - 5. Let m(b) = -5*b**3 - 13*b**2 + 8*b + 6. Let h(i) = 7*c(i) + 6*m(i). Suppose 2 + 0 = 5*q - a, -3*a = q - 10. What is h(q)?
4
Let d(q) = 4 + 2 + q - 2. Suppose 2*h + 9 = 5*h + 4*y, -5*h + 15 = y. Suppose 0 = t + 3 + h. Calculate d(t).
-2
Suppose -o - 15 = -4*o. Let i(a) = 2 + a**2 - 8*a + 3*a + 4. Determine i(o).
6
Suppose a - 3 - 9 = 0. Suppose 3*s = -s + a. Let u(n) = -n**3 - 4*n**2 + 3*n**2 - 2*n**2 - s - 4*n. Determine u(-2).
1
Let i(k) = -k**2 + 7*k + 2. Let s(u) = -u**3 - 41*u**2 - 41*u - 32. Let v be s(-40). Give i(v).
-6
Let w be (-1)/((-2)/4) - (18 - 20). Suppose 4*j - 2*j - 29 = 3*x, -x = -w*j + 23. Let m(c) = -c**3 - 6*c**2 + 8*c + 4. What is m(x)?
-3
Let n be ((-6)/(-9) + -1)/(1/(-3)). Let q(o) = 3*o + 8. Let j(i) = -i - 1. Let g(s) = -3*s + 1. Let l be g(-1). Let d(f) = l*j(f) + n*q(f). Calculate d(-5).
9
Let q be (-9)/2 - 12/8. Let f(c) = 6*c + 10*c - 17*c - 7. Calculate f(q).
-1
Let k(b) be the second derivative of -b**4/12 - b**3/3 + b**2/2 + 2*b + 50. Give k(7).
-62
Suppose 2*z = h - 10, 5*h = 5*z - 27 + 57. Let q(m) = -5*m**2 - 7*m - 2. Let y(g) = g**2 - 1. Let d(c) = -q(c) - 4*y(c). Calculate d(z).
-6
Let x(c) = 3*c + 2. Let w(d) = 39*d + 30. Let i(h) = -2*w(h) + 27*x(h). Calculate i(8).
18
Let n(y) be the third derivative of -y**5/3 + y**3/6 - 111*y**2. Give n(-1).
-19
Let p(d) = 196*d + 3*d**2 - 186*d - 4*d**2. Suppose -34 - 21 = -4*l + 5*u, -u - 23 = -2*l. Calculate p(l).
0
Let t(b) be the third derivative of b**5/60 - b**4/8 - 5*b**3/6 - b**2 - 895*b. Let o = -5 + 10. What is t(o)?
5
Let z(u) = -4*u**2 + 9. Let g(n) = -5*n**2 + n + 9. Let y(l) = 3*g(l) - 4*z(l). Let v be y(-4). Let o(a) = -a**2 - 2*a - 5. What is o(v)?
-20
Let p be ((-195)/260)/((-9)/96). Let c(d) = d - 2. What is c(p)?
6
Let l(n) be the third derivative of n**4/8 + 5*n**3/2 + 2*n**2. Let c(u) = 5*u + 23. Let v(q) = -5*c(q) + 8*l(q). Calculate v(6).
-1
Suppose -n - 30 = -6*n. Let c(w) be the first derivative of w**4/4 - 5*w**3/3 - 3*w**2 + 2*w - 429. What is c(n)?
2
Let o(s) = s**3 + 2*s**2 - 2*s + 1. Suppose 2*r + h = -2*h - 15, -24 = 3*r + 5*h. Give o(r).
-2
Let m(k) be the first derivative of -k**4/4 + k**3 - k**2 - 11. Let t = -46 - -49. Determine m(t).
-6
Let z(r) be the second derivative of -r**5/20 + r**2/2 - 60*r. Give z(3).
-26
Suppose 2*i = -2*p, 28 = -5*i + p + 4. Let x(d) = 3*d + 12. Determine x(i).
0
Let z be (((-5)/(-3))/5)/(2/(-6)). Let r be (-1)/(1/5) + z/(-1). Let c(b) = -2*b - 3. What is c(r)?
5
Let u(n) = n**3 - 7*n**2 - 7*n - 6. Let w be u(8). Suppose 18 = -w*d - d + 3*c, 4*d = -c - 24. Let s(q) = -q - 1. Calculate s(d).
5
Let f be (-3)/(0 + (-6)/4). Let y(j) = 31*j - 2 + 2 - 24*j - 1. What is y(f)?
13
Let c(a) = a**3 - 2*a**2 + 5*a - 13. Let r(k) = -k**3 + 2*k**2 - 4*k + 14. Let g(z) = 3*c(z) + 4*r(z). Determine g(0).
17
Suppose 84*d + 77 - 833 = 0. Let j(a) = -7*a - 4. Calculate j(d).
-67
Let k(z) = -2*z - 10. Let g(b) = -6*b**2 - 52*b + 9. Let q be g(-9). What is k(q)?
8
Let y(g) = -g**3 - g**2 + 7*g + 1. Let d(i) = -5*i**3 - 15*i**2 + 9*i - 12. Let r(k) = d(k) - 4*y(k). Calculate r(-9).
-7
Let w(t) = -t**3 - 5*t**2 - t - 2. Let p(m) = -8*m - 19. Let u(l) = 9*l + 20. Suppose 35 = 6*v - 11*v. Let o(y) = v*p(y) - 6*u(y). Let k be o(-9). What is w(k)?
3
Let g(t) = 2*t + 3. Let f(y) = y**3 - 9*y**2 + 3. Let c(a) = -5*a - 1. Suppose 10 = 5*n, 0*n - 3*n = 5*h + 4. Let u be c(h). Let v be f(u). Calculate g(v).
9
Let v(l) = 17*l - 61. Let g(t) = -7*t + 29. Let r(s) = -5*g(s) - 2*v(s). Give r(12).
-11
Let i(v) be the first derivative of -v**3/3 + 9*v**2 + 19*v - 103. What is i(13)?
84
Suppose -137*v + 86*v = 102. Let f(r) = -3*r**2 - 2*r + 2. Calculate f(v).
-6
Let g(h) = h**2 + 5*h - 20. Let m(i) = -i + 3. Let s(b) = g(b) + 6*m(b). Suppose 0 = 4*f + 4*d - 16, d = 4*f - 0*d - 11. Determine s(f).
4
Let p(s) = -s - 10. Let b be p(-7). Let g be (-6)/b + -6*1. Let r(h) be the first derivative of -h**4/4 - 4*h**3/3 + h**2/2 + 3*h - 1741. What is r(g)?
-1
Let w(s) = 1 - s - 3 + 1. Suppose 43 = -7*k - 20. Let j be 8/18 - 23/k. Give w(j).
-4
Let o be -1 - (-1 + 1 - 2). Let p(h) = 14*h - 5. Let g(k) = -12*k + 6. Let n(x) = -6*g(x) - 7*p(x). Determine n(o).
-27
Let c(s) = 9*s + 7 + 3*s**3 - 300*s**2 - 11 + 292*s**2 - 2*s**3. Let y = -18 - -25. Calculate c(y).
10
Let w(p) = -6*p + 10*p**2 - 11*p**2 + 0 - 3 + 4 + 1. What is w(-6)?
2
Let j(u) = 44*u - 43. Let m(z) = 10*z - 11. Let w(d) = -2*j(d) + 9*m(d). Give w(6).
-1
Let f(a) = -a**2 - 10*a - 6. Suppose 18 = -19*n + 56. Let r(o) = 2*o + 0*o - o. Let x(z) = n*r(z) + f(z). Calculate x(-6).
6
Let d = -192 - 3. Let q be (-555)/d + ((-15)/(-13) - 1). Let t(y) = -2*y**2 - 1 + 3*y - 3 + 0. Give t(q).
-13
Suppose 3*o = x + 2*x + 9, -4*x - 5*o = 30. Let s(n) = n**2 + 6*n - 7. What is s(x)?
-12
Let w(o) = 5*o + 5. Let y(l) = -6*l - 4. Let b(v) = -5*w(v) - 4*y(v). Let p be 14/((-8)/12*3). Determine b(p).
-2
Let r(c) be the second derivative of c**4/4 + 3*c**3 - 3*c**2 + 31*c + 10. Determine r(-6).
-6
Let u(d) = 13 + 6*d + 1 - 15*d + 37 + 12*d. What is u(-15)?
6
Suppose 8 = 2*n - 4*n + 5*c, -2*n = -c. Let x(w) = w + 0 - n + 0. Calculate x(-